en 7342083 is divided by 7342069?
14
Calculate the remainder when 5047458 is divided by 201894.
108
What is the remainder when 39815509 is divided by 3474?
3469
What is the remainder when 80283661 is divided by 20070910?
21
What is the remainder when 1258125 is divided by 171?
78
Calculate the remainder when 312309 is divided by 8.
5
Calculate the remainder when 59527 is divided by 9852.
415
What is the remainder when 5106367 is divided by 82359?
109
Calculate the remainder when 1449051 is divided by 342.
339
Calculate the remainder when 52823 is divided by 7428.
827
Calculate the remainder when 3199904 is divided by 1235.
19
What is the remainder when 741252 is divided by 9502?
96
Calculate the remainder when 479438 is divided by 80.
78
Calculate the remainder when 39728 is divided by 19190.
1348
What is the remainder when 3821177 is divided by 1152?
1145
What is the remainder when 435914919 is divided by 280?
279
What is the remainder when 313228 is divided by 2722?
198
Calculate the remainder when 490034 is divided by 163260.
254
Calculate the remainder when 6857959 is divided by 714.
703
Calculate the remainder when 145183 is divided by 2686.
139
What is the remainder when 746203 is divided by 182?
3
Calculate the remainder when 15265215 is divided by 1035.
0
Calculate the remainder when 577578 is divided by 733.
707
Calculate the remainder when 14667 is divided by 1772.
491
What is the remainder when 117049 is divided by 5215?
2319
What is the remainder when 5461667 is divided by 120?
107
What is the remainder when 260033 is divided by 16?
1
What is the remainder when 10812034 is divided by 193?
174
What is the remainder when 3567136 is divided by 713?
710
Calculate the remainder when 16622984 is divided by 44.
4
Calculate the remainder when 125909 is divided by 475.
34
What is the remainder when 15833659 is divided by 64?
59
Calculate the remainder when 8600043 is divided by 22.
1
Calculate the remainder when 550250 is divided by 550219.
31
What is the remainder when 32003014 is divided by 708?
706
What is the remainder when 316457 is divided by 145?
67
Calculate the remainder when 338175 is divided by 898.
527
What is the remainder when 36153 is divided by 418?
205
Calculate the remainder when 1787088 is divided by 303.
297
What is the remainder when 73840215 is divided by 1015?
995
What is the remainder when 290265 is divided by 44?
41
Calculate the remainder when 1440 is divided by 1415.
25
Calculate the remainder when 25939398 is divided by 565.
248
Calculate the remainder when 616825 is divided by 774.
721
Calculate the remainder when 106581 is divided by 26636.
37
What is the remainder when 6483687 is divided by 517?
507
What is the remainder when 101690 is divided by 203?
190
Calculate the remainder when 8082 is divided by 653.
246
What is the remainder when 5657404 is divided by 29933?
67
Calculate the remainder when 11139020 is divided by 70.
60
Calculate the remainder when 48289 is divided by 636.
589
What is the remainder when 911307 is divided by 2039?
1913
Calculate the remainder when 1649433 is divided by 5324.
4317
Calculate the remainder when 1894565 is divided by 68.
17
Calculate the remainder when 185913 is divided by 522.
81
What is the remainder when 741869 is divided by 92?
73
Calculate the remainder when 5528681 is divided by 54.
53
Calculate the remainder when 2102565 is divided by 184.
181
What is the remainder when 3410292 is divided by 1284?
1272
What is the remainder when 104125 is divided by 94?
67
Calculate the remainder when 2632242 is divided by 1264.
594
Calculate the remainder when 68027277 is divided by 971818.
17
Calculate the remainder when 1381685 is divided by 447.
8
Calculate the remainder when 15837637 is divided by 219967.
13
What is the remainder when 5232274 is divided by 1175?
1174
Calculate the remainder when 4689193 is divided by 521017.
40
What is the remainder when 7948087 is divided by 310?
307
What is the remainder when 1166969 is divided by 25930?
119
What is the remainder when 110234 is divided by 2450?
2434
What is the remainder when 19326348 is divided by 445?
443
What is the remainder when 16179193 is divided by 5393064?
1
What is the remainder when 16319192 is divided by 8159591?
10
What is the remainder when 54603257 is divided by 119?
107
What is the remainder when 11953028 is divided by 244?
200
What is the remainder when 138716 is divided by 24395?
16741
What is the remainder when 3078043 is divided by 75074?
9
What is the remainder when 25751 is divided by 12804?
143
Calculate the remainder when 34752547 is divided by 6082.
6081
What is the remainder when 211971 is divided by 13418?
10701
Calculate the remainder when 4881582 is divided by 2.
0
What is the remainder when 789871 is divided by 11429?
1270
Calculate the remainder when 2016458 is divided by 69516.
494
Calculate the remainder when 19782 is divided by 1353.
840
What is the remainder when 9244222 is divided by 232?
182
What is the remainder when 168205 is divided by 1372?
821
Calculate the remainder when 843031 is divided by 11180.
4531
What is the remainder when 982318 is divided by 172?
26
Calculate the remainder when 2825 is divided by 913.
86
Calculate the remainder when 762353 is divided by 834.
77
What is the remainder when 93221 is divided by 23111?
777
Calculate the remainder when 4139 is divided by 2384.
1755
Calculate the remainder when 550797 is divided by 837.
51
Calculate the remainder when 121887141 is divided by 920.
21
Calculate the remainder when 93898656 is divided by 8.
0
What is the remainder when 941803 is divided by 188?
111
What is the remainder when 175775941 is divided by 1396?
1393
Calculate the remainder when 107079 is divided by 418.
71
Calculate the remainder when 22820 is divided by 2555.
2380
Calculate the remainder when 16870430 is divided by 667.
666
Calculate the remainder when 906363 is divided by 64.
59
Calculate the remainder when 753 is divided by 20.
13
Calculate the remainder when 165067 is divided by 48.
43
Calculate the remainder when 2803372 is divided by 2803368.
4
Calculate the remainder when 64751 is divided by 6691.
4532
Calculate the remainder when 33872 is divided by 3914.
2560
What is the remainder when 8023452 is divided by 2194?
2188
What is the remainder when 3596771 is divided by 39?
35
Calculate the remainder when 452899 is divided by 3904.
35
Calculate the remainder when 28183582 is divided by 18.
10
What is the remainder when 923721 is divided by 3709?
180
What is the remainder when 3984806 is divided by 796940?
106
Calculate the remainder when 2910808 is divided by 1229.
536
What is the remainder when 907315 is divided by 302438?
1
What is the remainder when 726587 is divided by 8262?
7793
What is the remainder when 5649260 is divided by 2522?
2502
Calculate the remainder when 208652 is divided by 4851.
59
What is the remainder when 5988215 is divided by 139?
95
What is the remainder when 78375 is divided by 9645?
1215
What is the remainder when 10536272 is divided by 13337?
42
What is the remainder when 118344309 is divided by 24?
21
What is the remainder when 343862684 is divided by 3404581?
3
What is the remainder when 3595662 is divided by 1929?
6
What is the remainder when 3026938 is divided by 257?
249
What is the remainder when 267006 is divided by 114?
18
What is the remainder when 6019867 is divided by 740?
707
What is the remainder when 37879238 is divided by 12626412?
2
Calculate the remainder when 114947391 is divided by 1727.
1725
Calculate the remainder when 9999364 is divided by 9999253.
111
Calculate the remainder when 119683 is divided by 19672.
1651
What is the remainder when 274592 is divided by 444?
200
Calculate the remainder when 447889 is divided by 10918.
251
Calculate the remainder when 1268651 is divided by 42.
41
What is the remainder when 100368 is divided by 210?
198
Calculate the remainder when 32862 is divided by 4.
2
Calculate the remainder when 253221 is divided by 9042.
45
What is the remainder when 127176 is divided by 1397?
49
Calculate the remainder when 728070 is divided by 107.
42
Calculate the remainder when 51482016 is divided by 26.
14
What is the remainder when 56275328 is divided by 56163?
2
Calculate the remainde